121010
112000200001 (base 3) to base 9
460601
Convert -3442010 (base 5) to base 13.
-22383
What is -1023632 (base 7) in base 2?
-11110001110010101
-2111210011 (base 3) to base 12
-2471a
449c18 (base 16) to base 12
160a108
-601837 (base 11) to base 8
-3543705
4a4b4 (base 13) to base 7
1110345
Convert 3312101011 (base 4) to base 10.
1008709
-457524 (base 8) to base 15
-31101
What is -200066 (base 12) in base 15?
-9c72c
What is -10011110111010101101 (base 2) in base 15?
-ccd00
What is -1211400111 (base 5) in base 16?
-2b5850
What is 4174071 (base 8) in base 15?
16e7b6
What is -1020131231 (base 4) in base 13?
-a513a
Convert -4420102 (base 6) to base 5.
-24022413
Convert -121aa05 (base 12) to base 3.
-20121222210112
-3123100133 (base 4) to base 7
-10430210
What is -2b625 (base 15) in base 4?
-202013300
Convert -105324 (base 8) to base 11.
-2477a
Convert -315002 (base 12) to base 15.
-104d4e
-252bb1a (base 12) to base 9
-14622744
What is -12210112122 (base 3) in base 15?
-23c2e
-3b85d (base 16) to base 14
-64bc9
What is 1c0b5 (base 14) in base 16?
1174f
Convert -1224264 (base 8) to base 14.
-8b300
Convert -3303202102 (base 4) to base 11.
-6214a9
What is 30246152 (base 7) in base 13?
6a126a
-146221432 (base 7) to base 6
-550044101
34060527 (base 8) to base 16
706157
Convert 63800 (base 12) to base 7.
1053126
What is -343113240 (base 6) in base 12?
-2142820
32023431 (base 5) to base 6
5421450
What is 1435061 (base 10) in base 6?
50431445
Convert 17597949 (base 10) to base 3.
1020010001211220
What is 6a102 (base 13) in base 9?
324387
Convert 201002011102 (base 3) to base 2.
1011011101100000010
12407360 (base 9) to base 2
10111001110001100010111
Convert -1001020021022 (base 3) to base 15.
-ae9b5
What is 8550a73 (base 11) in base 15?
14c4dc8
-1a823 (base 13) to base 8
-145310
44334102 (base 6) to base 2
101000101110011010110
-91ab8 (base 13) to base 16
-3fbdf
What is 103102231020 (base 4) in base 2?
10011010010101101001000
-106808 (base 10) to base 8
-320470
Convert -53408 (base 9) to base 4.
-20213330
-2b580 (base 13) to base 9
-134725
-5ebc6 (base 16) to base 2
-1011110101111000110
Convert -8768565 (base 9) to base 7.
-55016222
What is 142010244 (base 5) in base 15?
e7bee
-21547266 (base 8) to base 12
-1679532
Convert -27809 (base 10) to base 6.
-332425
What is -6b8d4 (base 15) in base 5?
-41432444
-65921 (base 10) to base 8
-200601
What is -255010351 (base 6) in base 8?
-23031133
Convert -86c5c (base 14) to base 12.
-138956
Convert 6630874 (base 9) to base 3.
20201000222111
What is -323232031131 (base 4) in base 13?
-3321c93
What is 4462120 (base 8) in base 6?
41500120
Convert 3243137 (base 8) to base 6.
30351411
Convert -95349 (base 15) to base 12.
-1a9a50
Convert -1110001010010010110 (base 2) to base 6.
-13540130
What is -417519 (base 10) in base 14?
-ac22b
11021022111121 (base 3) to base 10
2269744
What is 11100000101101001 (base 2) in base 10?
115049
-12b31d (base 14) to base 2
-10011101100101001111
2d8826 (base 15) to base 10
2205711
What is -3401a (base 15) in base 11?
-1032a4
Convert -21112012120 (base 3) to base 11.
-a1330
Convert -478435 (base 13) to base 15.
-239a9a
-413721 (base 8) to base 4
-201133101
-10001001101000010011 (base 2) to base 6
-20025511
Convert 3167 (base 8) to base 3.
2021022
24214140 (base 5) to base 12
aaa76
Convert -1078228 (base 10) to base 3.
-2000210001101
Convert 2b19e (base 15) to base 11.
95276
What is -588027 (base 10) in base 3?
-1002212121210
Convert 60351353 (base 7) to base 5.
2240113322
What is -2feed9 (base 16) in base 9?
-5817084
11202010222 (base 3) to base 12
4608b
2421468 (base 11) to base 8
20057201
aa2481 (base 11) to base 3
10022102110221
1176751 (base 8) to base 6
11002321
12132103 (base 4) to base 12
13417
What is 1224423 (base 11) in base 16?
207b8a
-d79d (base 16) to base 7
-316632
1b2802 (base 14) to base 11
600958
-1c504 (base 15) to base 13
-32cb6
2358a59 (base 11) to base 12
146334a
Convert -148414 (base 14) to base 7.
-6033224
600a (base 12) to base 15
311d
-2e593 (base 16) to base 7
-1420323
-1504435 (base 6) to base 8
-251047
-171581 (base 9) to base 8
-317307
What is 10345333 (base 6) in base 7?
2426535
Convert 1032434232 (base 5) to base 12.
8b8790
100010010000100101110 (base 2) to base 13
303c84
What is -2001411 (base 7) in base 5?
-30021340
What is -2123544 (base 7) in base 8?
-770245
-946b2 (base 12) to base 6
-4100342
What is 30404403 (base 5) in base 15?
4d4d8
-2233123032 (base 4) to base 3
-1100111122200
What is -11201211 (base 3) in base 12?
-1bb7
be585 (base 15) to base 12
2523bb
Convert 484422 (base 9) to base 11.
18a384
345001 (base 6) to base 3
1111121001
What is 3130433331 (base 5) in base 12?
2215154
What is 12221010101 (base 3) in base 13?
41194
What is -122131321 (base 4) in base 14?
-2b717
Convert -3462828 (base 9) to base 12.
-763415
Convert 883741 (base 9) to base 12.
215447
44120032 (base 5) to base 6
12044240
Convert 1303133311 (base 4) to base 11.
2a3480
What is -3606420 (base 7) in base 6?
-13435213
What is 10000001111100111 (base 2) in base 6?
1232011
Convert 121201000121 (base 3) to base 13.
b686c
46a43 (base 14) to base 4
222001303
Convert -15d8ca (base 15) to base 6.
-34403501
Convert -3112303034 (base 5) to base 7.
-105064635
What is -127430 (base 8) in base 12?
-21b34
Convert -11100001111001010 (base 2) to base 5.
-12200113
Convert 333200002 (base 4) to base 2.
111111100000000010
What is 422535 (base 11) in base 3?
1021101101100
Convert -2337399 (base 10) to base 5.
-1044244044
Convert -2050511 (base 6) to base 10.
-99979
Convert 10221301404 (base 5) to base 8.
50731642
What is -7439ff (base 16) in base 14?
-1023c51
684347 (base 10) to base 4
2213010323
What is 21050422 (base 6) in base 10?
613166
What is -30231212312 (base 4) in base 3?
-20021022101012
Convert 23254354 (base 6) to base 13.
1c4050
Convert -4060573 (base 8) to base 12.
-43930b
What is -200001122221 (base 3) in base 14?
-937b5
What is -12202101101 (base 3) in base 5?
-12111100
What is -15565513 (base 9) in base 8?
-35531037
What is -10a794 (base 11) in base 10?
-175311
Convert 400310301 (base 5) to base 7.
16236525
Convert 1206242 (base 7) to base 11.
a531a
Convert -2304423 (base 5) to base 10.
-41238
Convert 20100012011 (base 3) to base 4.
132131332
145e11 (base 16) to base 4
11011320101
Convert 670482 (base 9) to base 2.
1100001110011101011
What is -34a4 (base 15) in base 2?
-10101110101011
-522209 (base 10) to base 9
-875302
234aa5 (base 12) to base 2
10001010110000011101
Convert 16d09 (base 14) to base 13.
201b3
What is 12210210211 (base 3) in base 9?
183724
-1063176 (base 9) to base 11
-361680
What is -3555236 (base 7) in base 6?
-13355055
What is 201113300221 (base 4) in base 14?
123a105
Convert 12215630 (base 8) to base 5.
1142202130
What is -2417105 (base 8) in base 13?
-1a2a95
Convert 100a098 (base 11) to base 2.
110110011110010010010
What is -100111111111111010111 (base 2) in base 5?
-313420204
What is 967d3 (base 14) in base 12?
156619
-54018 (base 11) to base 6
-1403352
What is -248193 (base 10) in base 13?
-88c7a
Convert 26332310 (base 7) to base 2.
1001001100101110110100
50435140 (base 6) to base 3
2200221120020
-1110111000000010111010 (base 2) to base 16
-3b80ba
102172 (base 14) to base 3
1000121200122
What is -401242443 (base 5) in base 10?
-1587248
-646402 (base 7) to base 12
-5527a
Convert -5002554 (base 6) to base 16.
-391c6
-19 (base 10) to base 4
-103
Convert 2105154 (base 8) to base 6.
15555152
3102222000 (base 4) to base 8
3225200
-279809 (base 10) to base 4
-1010110001
What is -11122221212 (base 3) in base 14?
-2566b
Convert 653556 (base 9) to base 5.
44432432
-11100100000001000011001 (base 2) to base 12
-2603a49
What is -11111010000001100010111 (base 2) in base 3?
-120102020101201
-37019 (base 12) to base 8
-221125
1315044200 (base 6) to base 16
ee95a8
864c4 (base 13) to base 15
4bcc1
-2c4b3 (base 13) to base 4
-110211110
30993 (base 16) to base 6
4133323
-61bc4 (base 13) to base 6
-3432514
What is 1801948 (base 10) in base 13?
4b1255
23353 (base 6) to base 7
12600
Convert 201212102102020 (base 3) to base 16.
a11bca
749441 (base 13) to base 3
12010220001202
Convert 173be2 (base 15) to base 11.
6aa448
434413214 (base 5) to base 9
3464157
What is 716087 (base 9) in bas